{"id":31649,"date":"2021-10-13T12:13:42","date_gmt":"2021-10-13T11:13:42","guid":{"rendered":"https:\/\/www.granadablogs.com\/pateandoelmundo\/wp-content\/uploads\/2021\/10\/C\u00e9sar-D\u00edaz.jpg"},"modified":"2021-10-13T12:13:42","modified_gmt":"2021-10-13T11:13:42","slug":"cesar-diaz-2","status":"inherit","type":"attachment","link":"https:\/\/www.granadablogs.com\/pateandoelmundo\/donde-anda-cuenca\/cesar-diaz-2\/","title":{"rendered":"C\u00e9sar D\u00edaz"},"author":1,"featured_media":0,"comment_status":"open","ping_status":"closed","template":"","meta":{"jetpack_post_was_ever_published":false},"class_list":["post-31649","attachment","type-attachment","status-inherit","hentry"],"jetpack_sharing_enabled":true,"description":{"rendered":"<p class=\"attachment\"><a href='https:\/\/www.granadablogs.com\/pateandoelmundo\/wp-content\/uploads\/2021\/10\/C\u00e9sar-D\u00edaz.jpg'><img loading=\"lazy\" decoding=\"async\" width=\"287\" height=\"175\" src=\"https:\/\/www.granadablogs.com\/pateandoelmundo\/wp-content\/uploads\/2021\/10\/C\u00e9sar-D\u00edaz.jpg\" class=\"attachment-medium size-medium\" alt=\"\" \/><\/a><\/p>\n"},"caption":{"rendered":""},"alt_text":"","media_type":"image","mime_type":"image\/jpeg","media_details":{"width":287,"height":175,"file":"2021\/10\/C\u00e9sar-D\u00edaz.jpg","sizes":{"thumbnail":{"file":"C\u00e9sar-D\u00edaz-150x150.jpg","width":150,"height":150,"mime_type":"image\/jpeg","source_url":"https:\/\/www.granadablogs.com\/pateandoelmundo\/wp-content\/uploads\/2021\/10\/C\u00e9sar-D\u00edaz-150x150.jpg"},"full":{"file":"C\u00e9sar-D\u00edaz.jpg","width":287,"height":175,"mime_type":"image\/jpeg","source_url":"https:\/\/www.granadablogs.com\/pateandoelmundo\/wp-content\/uploads\/2021\/10\/C\u00e9sar-D\u00edaz.jpg"}},"image_meta":{"aperture":"0","credit":"","camera":"","caption":"","created_timestamp":"0","copyright":"","focal_length":"0","iso":"0","shutter_speed":"0","title":"","orientation":"0","keywords":[]}},"post":31648,"source_url":"https:\/\/www.granadablogs.com\/pateandoelmundo\/wp-content\/uploads\/2021\/10\/C\u00e9sar-D\u00edaz.jpg","_links":{"self":[{"href":"https:\/\/www.granadablogs.com\/pateandoelmundo\/wp-json\/wp\/v2\/media\/31649","targetHints":{"allow":["GET"]}}],"collection":[{"href":"https:\/\/www.granadablogs.com\/pateandoelmundo\/wp-json\/wp\/v2\/media"}],"about":[{"href":"https:\/\/www.granadablogs.com\/pateandoelmundo\/wp-json\/wp\/v2\/types\/attachment"}],"author":[{"embeddable":true,"href":"https:\/\/www.granadablogs.com\/pateandoelmundo\/wp-json\/wp\/v2\/users\/1"}],"replies":[{"embeddable":true,"href":"https:\/\/www.granadablogs.com\/pateandoelmundo\/wp-json\/wp\/v2\/comments?post=31649"}],"wp:attached-to":[{"embeddable":true,"post_type":"post","id":31648,"href":"https:\/\/www.granadablogs.com\/pateandoelmundo\/wp-json\/wp\/v2\/posts\/31648"}],"curies":[{"name":"wp","href":"https:\/\/api.w.org\/{rel}","templated":true}]}}

https://www.granadablogs.com/pateandoelmundo/wp-content/uploads/2021/10/César-Díaz.jpg

César Díaz

<p class="attachment"><a href='https://www.granadablogs.com/pateandoelmundo/wp-content/uploads/2021/10/César-Díaz.jpg'><img loading="lazy" decoding="async" width="287" height="175" src="https://www.granadablogs.com/pateandoelmundo/wp-content/uploads/2021/10/César-Díaz.jpg" class="attachment-medium size-medium" alt="" /></a></p>

2021/10/César-Díaz.jpg

César-Díaz-150x150.jpg

https://www.granadablogs.com/pateandoelmundo/wp-content/uploads/2021/10/César-Díaz-150x150.jpg

César-Díaz.jpg
