{"id":28351,"date":"2019-12-19T15:00:05","date_gmt":"2019-12-19T14:00:05","guid":{"rendered":"https:\/\/www.granadablogs.com\/pateandoelmundo\/wp-content\/uploads\/2019\/12\/Berl\u00edn-Jes\u00fas-Lens.jpg"},"modified":"2019-12-19T15:00:05","modified_gmt":"2019-12-19T14:00:05","slug":"berlin-jesus-lens","status":"inherit","type":"attachment","link":"https:\/\/www.granadablogs.com\/pateandoelmundo\/berlin-era-una-fiesta\/berlin-jesus-lens\/","title":{"rendered":"Berl\u00edn Jes\u00fas Lens"},"author":1,"featured_media":0,"comment_status":"open","ping_status":"closed","template":"","meta":{"jetpack_post_was_ever_published":false},"class_list":["post-28351","attachment","type-attachment","status-inherit","hentry"],"jetpack_sharing_enabled":true,"description":{"rendered":"<p class=\"attachment\"><a href='https:\/\/www.granadablogs.com\/pateandoelmundo\/wp-content\/uploads\/2019\/12\/Berl\u00edn-Jes\u00fas-Lens.jpg'><img loading=\"lazy\" decoding=\"async\" width=\"95\" height=\"300\" src=\"https:\/\/www.granadablogs.com\/pateandoelmundo\/wp-content\/uploads\/2019\/12\/Berl\u00edn-Jes\u00fas-Lens-95x300.jpg\" class=\"attachment-medium size-medium\" alt=\"\" srcset=\"https:\/\/www.granadablogs.com\/pateandoelmundo\/wp-content\/uploads\/2019\/12\/Berl\u00edn-Jes\u00fas-Lens-95x300.jpg 95w, https:\/\/www.granadablogs.com\/pateandoelmundo\/wp-content\/uploads\/2019\/12\/Berl\u00edn-Jes\u00fas-Lens.jpg 323w\" sizes=\"auto, (max-width: 95px) 100vw, 95px\" \/><\/a><\/p>\n"},"caption":{"rendered":""},"alt_text":"","media_type":"image","mime_type":"image\/jpeg","media_details":{"width":323,"height":1022,"file":"2019\/12\/Berl\u00edn-Jes\u00fas-Lens.jpg","sizes":{"thumbnail":{"file":"Berl\u00edn-Jes\u00fas-Lens-150x150.jpg","width":150,"height":150,"mime_type":"image\/jpeg","source_url":"https:\/\/www.granadablogs.com\/pateandoelmundo\/wp-content\/uploads\/2019\/12\/Berl\u00edn-Jes\u00fas-Lens-150x150.jpg"},"medium":{"file":"Berl\u00edn-Jes\u00fas-Lens-95x300.jpg","width":95,"height":300,"mime_type":"image\/jpeg","source_url":"https:\/\/www.granadablogs.com\/pateandoelmundo\/wp-content\/uploads\/2019\/12\/Berl\u00edn-Jes\u00fas-Lens-95x300.jpg"},"first-page-thumbnail":{"file":"Berl\u00edn-Jes\u00fas-Lens-323x480.jpg","width":323,"height":480,"mime_type":"image\/jpeg","source_url":"https:\/\/www.granadablogs.com\/pateandoelmundo\/wp-content\/uploads\/2019\/12\/Berl\u00edn-Jes\u00fas-Lens-323x480.jpg"},"full":{"file":"Berl\u00edn-Jes\u00fas-Lens.jpg","width":323,"height":1022,"mime_type":"image\/jpeg","source_url":"https:\/\/www.granadablogs.com\/pateandoelmundo\/wp-content\/uploads\/2019\/12\/Berl\u00edn-Jes\u00fas-Lens.jpg"}},"image_meta":{"aperture":"0","credit":"","camera":"","caption":"","created_timestamp":"0","copyright":"","focal_length":"0","iso":"0","shutter_speed":"0","title":"","orientation":"0","keywords":[]}},"post":28349,"source_url":"https:\/\/www.granadablogs.com\/pateandoelmundo\/wp-content\/uploads\/2019\/12\/Berl\u00edn-Jes\u00fas-Lens.jpg","_links":{"self":[{"href":"https:\/\/www.granadablogs.com\/pateandoelmundo\/wp-json\/wp\/v2\/media\/28351","targetHints":{"allow":["GET"]}}],"collection":[{"href":"https:\/\/www.granadablogs.com\/pateandoelmundo\/wp-json\/wp\/v2\/media"}],"about":[{"href":"https:\/\/www.granadablogs.com\/pateandoelmundo\/wp-json\/wp\/v2\/types\/attachment"}],"author":[{"embeddable":true,"href":"https:\/\/www.granadablogs.com\/pateandoelmundo\/wp-json\/wp\/v2\/users\/1"}],"replies":[{"embeddable":true,"href":"https:\/\/www.granadablogs.com\/pateandoelmundo\/wp-json\/wp\/v2\/comments?post=28351"}],"wp:attached-to":[{"embeddable":true,"post_type":"post","id":28349,"href":"https:\/\/www.granadablogs.com\/pateandoelmundo\/wp-json\/wp\/v2\/posts\/28349"}],"curies":[{"name":"wp","href":"https:\/\/api.w.org\/{rel}","templated":true}]}}

https://www.granadablogs.com/pateandoelmundo/wp-content/uploads/2019/12/Berlín-Jesús-Lens.jpg

Berlín Jesús Lens

<p class="attachment"><a href='https://www.granadablogs.com/pateandoelmundo/wp-content/uploads/2019/12/Berlín-Jesús-Lens.jpg'><img loading="lazy" decoding="async" width="95" height="300" src="https://www.granadablogs.com/pateandoelmundo/wp-content/uploads/2019/12/Berlín-Jesús-Lens-95x300.jpg" class="attachment-medium size-medium" alt="" srcset="https://www.granadablogs.com/pateandoelmundo/wp-content/uploads/2019/12/Berlín-Jesús-Lens-95x300.jpg 95w, https://www.granadablogs.com/pateandoelmundo/wp-content/uploads/2019/12/Berlín-Jesús-Lens.jpg 323w" sizes="auto, (max-width: 95px) 100vw, 95px" /></a></p>

2019/12/Berlín-Jesús-Lens.jpg

Berlín-Jesús-Lens-150x150.jpg

https://www.granadablogs.com/pateandoelmundo/wp-content/uploads/2019/12/Berlín-Jesús-Lens-150x150.jpg

Berlín-Jesús-Lens-95x300.jpg

https://www.granadablogs.com/pateandoelmundo/wp-content/uploads/2019/12/Berlín-Jesús-Lens-95x300.jpg

Berlín-Jesús-Lens-323x480.jpg

https://www.granadablogs.com/pateandoelmundo/wp-content/uploads/2019/12/Berlín-Jesús-Lens-323x480.jpg

Berlín-Jesús-Lens.jpg
