{"id":25608,"date":"2018-09-07T13:07:45","date_gmt":"2018-09-07T12:07:45","guid":{"rendered":"https:\/\/www.granadablogs.com\/pateandoelmundo\/wp-content\/uploads\/2018\/09\/Entierro-inmigrantes-muertos.-Foto-Mar\u00eda-Esc\u00e1mez.jpg"},"modified":"2018-09-07T13:08:10","modified_gmt":"2018-09-07T12:08:10","slug":"entierro-inmigrantes-muertos-foto-maria-escamez","status":"inherit","type":"attachment","link":"https:\/\/www.granadablogs.com\/pateandoelmundo\/cadaveres-que-son-cifras\/entierro-inmigrantes-muertos-foto-maria-escamez\/","title":{"rendered":"Entierro inmigrantes muertos. Foto- Mar\u00eda Esc\u00e1mez"},"author":1,"featured_media":0,"comment_status":"open","ping_status":"closed","template":"","meta":{"jetpack_post_was_ever_published":false},"class_list":["post-25608","attachment","type-attachment","status-inherit","hentry"],"jetpack_sharing_enabled":true,"description":{"rendered":"<p class=\"attachment\"><a href='https:\/\/www.granadablogs.com\/pateandoelmundo\/wp-content\/uploads\/2018\/09\/Entierro-inmigrantes-muertos.-Foto-Mar\u00eda-Esc\u00e1mez.jpg'><img loading=\"lazy\" decoding=\"async\" width=\"300\" height=\"200\" src=\"https:\/\/www.granadablogs.com\/pateandoelmundo\/wp-content\/uploads\/2018\/09\/Entierro-inmigrantes-muertos.-Foto-Mar\u00eda-Esc\u00e1mez-300x200.jpg\" class=\"attachment-medium size-medium\" alt=\"\" srcset=\"https:\/\/www.granadablogs.com\/pateandoelmundo\/wp-content\/uploads\/2018\/09\/Entierro-inmigrantes-muertos.-Foto-Mar\u00eda-Esc\u00e1mez-300x200.jpg 300w, https:\/\/www.granadablogs.com\/pateandoelmundo\/wp-content\/uploads\/2018\/09\/Entierro-inmigrantes-muertos.-Foto-Mar\u00eda-Esc\u00e1mez.jpg 624w\" sizes=\"auto, (max-width: 300px) 100vw, 300px\" \/><\/a><\/p>\n"},"caption":{"rendered":"<p>Entierro de los inmigrantes muertos. Foto: Mar\u00eda Esc\u00e1mez<\/p>\n"},"alt_text":"","media_type":"image","mime_type":"image\/jpeg","media_details":{"width":624,"height":415,"file":"2018\/09\/Entierro-inmigrantes-muertos.-Foto-Mar\u00eda-Esc\u00e1mez.jpg","sizes":{"thumbnail":{"file":"Entierro-inmigrantes-muertos.-Foto-Mar\u00eda-Esc\u00e1mez-150x150.jpg","width":150,"height":150,"mime_type":"image\/jpeg","source_url":"https:\/\/www.granadablogs.com\/pateandoelmundo\/wp-content\/uploads\/2018\/09\/Entierro-inmigrantes-muertos.-Foto-Mar\u00eda-Esc\u00e1mez-150x150.jpg"},"medium":{"file":"Entierro-inmigrantes-muertos.-Foto-Mar\u00eda-Esc\u00e1mez-300x200.jpg","width":300,"height":200,"mime_type":"image\/jpeg","source_url":"https:\/\/www.granadablogs.com\/pateandoelmundo\/wp-content\/uploads\/2018\/09\/Entierro-inmigrantes-muertos.-Foto-Mar\u00eda-Esc\u00e1mez-300x200.jpg"},"full":{"file":"Entierro-inmigrantes-muertos.-Foto-Mar\u00eda-Esc\u00e1mez.jpg","width":624,"height":415,"mime_type":"image\/jpeg","source_url":"https:\/\/www.granadablogs.com\/pateandoelmundo\/wp-content\/uploads\/2018\/09\/Entierro-inmigrantes-muertos.-Foto-Mar\u00eda-Esc\u00e1mez.jpg"}},"image_meta":{"aperture":"0","credit":"","camera":"","caption":"","created_timestamp":"0","copyright":"","focal_length":"0","iso":"0","shutter_speed":"0","title":"","orientation":"0","keywords":[]}},"post":25607,"source_url":"https:\/\/www.granadablogs.com\/pateandoelmundo\/wp-content\/uploads\/2018\/09\/Entierro-inmigrantes-muertos.-Foto-Mar\u00eda-Esc\u00e1mez.jpg","_links":{"self":[{"href":"https:\/\/www.granadablogs.com\/pateandoelmundo\/wp-json\/wp\/v2\/media\/25608","targetHints":{"allow":["GET"]}}],"collection":[{"href":"https:\/\/www.granadablogs.com\/pateandoelmundo\/wp-json\/wp\/v2\/media"}],"about":[{"href":"https:\/\/www.granadablogs.com\/pateandoelmundo\/wp-json\/wp\/v2\/types\/attachment"}],"author":[{"embeddable":true,"href":"https:\/\/www.granadablogs.com\/pateandoelmundo\/wp-json\/wp\/v2\/users\/1"}],"replies":[{"embeddable":true,"href":"https:\/\/www.granadablogs.com\/pateandoelmundo\/wp-json\/wp\/v2\/comments?post=25608"}],"wp:attached-to":[{"embeddable":true,"post_type":"post","id":25607,"href":"https:\/\/www.granadablogs.com\/pateandoelmundo\/wp-json\/wp\/v2\/posts\/25607"}],"curies":[{"name":"wp","href":"https:\/\/api.w.org\/{rel}","templated":true}]}}

https://www.granadablogs.com/pateandoelmundo/wp-content/uploads/2018/09/Entierro-inmigrantes-muertos.-Foto-María-Escámez.jpg

Entierro inmigrantes muertos. Foto- María Escámez

<p class="attachment"><a href='https://www.granadablogs.com/pateandoelmundo/wp-content/uploads/2018/09/Entierro-inmigrantes-muertos.-Foto-María-Escámez.jpg'><img loading="lazy" decoding="async" width="300" height="200" src="https://www.granadablogs.com/pateandoelmundo/wp-content/uploads/2018/09/Entierro-inmigrantes-muertos.-Foto-María-Escámez-300x200.jpg" class="attachment-medium size-medium" alt="" srcset="https://www.granadablogs.com/pateandoelmundo/wp-content/uploads/2018/09/Entierro-inmigrantes-muertos.-Foto-María-Escámez-300x200.jpg 300w, https://www.granadablogs.com/pateandoelmundo/wp-content/uploads/2018/09/Entierro-inmigrantes-muertos.-Foto-María-Escámez.jpg 624w" sizes="auto, (max-width: 300px) 100vw, 300px" /></a></p>

<p>Entierro de los inmigrantes muertos. Foto: María Escámez</p>

2018/09/Entierro-inmigrantes-muertos.-Foto-María-Escámez.jpg

Entierro-inmigrantes-muertos.-Foto-María-Escámez-150x150.jpg

https://www.granadablogs.com/pateandoelmundo/wp-content/uploads/2018/09/Entierro-inmigrantes-muertos.-Foto-María-Escámez-150x150.jpg

Entierro-inmigrantes-muertos.-Foto-María-Escámez-300x200.jpg

https://www.granadablogs.com/pateandoelmundo/wp-content/uploads/2018/09/Entierro-inmigrantes-muertos.-Foto-María-Escámez-300x200.jpg

Entierro-inmigrantes-muertos.-Foto-María-Escámez.jpg
