{"id":22783,"date":"2017-07-12T09:47:31","date_gmt":"2017-07-12T08:47:31","guid":{"rendered":"http:\/\/www.granadablogs.com\/pateandoelmundo\/wp-content\/uploads\/2017\/07\/Matar-en-los-Festivales-Manuel-V\u00e1zquez-Montalb\u00e1n.jpg"},"modified":"2017-07-12T09:47:31","modified_gmt":"2017-07-12T08:47:31","slug":"matar-en-los-festivales-manuel-vazquez-montalban","status":"inherit","type":"attachment","link":"https:\/\/www.granadablogs.com\/pateandoelmundo\/matar-en-los-festivales\/matar-en-los-festivales-manuel-vazquez-montalban\/","title":{"rendered":"Matar en los Festivales Manuel V\u00e1zquez Montalb\u00e1n"},"author":1,"featured_media":0,"comment_status":"open","ping_status":"closed","template":"","meta":{"jetpack_post_was_ever_published":false},"class_list":["post-22783","attachment","type-attachment","status-inherit","hentry"],"jetpack_sharing_enabled":true,"description":{"rendered":"<p class=\"attachment\"><a href='https:\/\/www.granadablogs.com\/pateandoelmundo\/wp-content\/uploads\/2017\/07\/Matar-en-los-Festivales-Manuel-V\u00e1zquez-Montalb\u00e1n.jpg'><img loading=\"lazy\" decoding=\"async\" width=\"181\" height=\"300\" src=\"https:\/\/www.granadablogs.com\/pateandoelmundo\/wp-content\/uploads\/2017\/07\/Matar-en-los-Festivales-Manuel-V\u00e1zquez-Montalb\u00e1n-181x300.jpg\" class=\"attachment-medium size-medium\" alt=\"\" srcset=\"https:\/\/www.granadablogs.com\/pateandoelmundo\/wp-content\/uploads\/2017\/07\/Matar-en-los-Festivales-Manuel-V\u00e1zquez-Montalb\u00e1n-181x300.jpg 181w, https:\/\/www.granadablogs.com\/pateandoelmundo\/wp-content\/uploads\/2017\/07\/Matar-en-los-Festivales-Manuel-V\u00e1zquez-Montalb\u00e1n-768x1270.jpg 768w, https:\/\/www.granadablogs.com\/pateandoelmundo\/wp-content\/uploads\/2017\/07\/Matar-en-los-Festivales-Manuel-V\u00e1zquez-Montalb\u00e1n-644x1065.jpg 644w, https:\/\/www.granadablogs.com\/pateandoelmundo\/wp-content\/uploads\/2017\/07\/Matar-en-los-Festivales-Manuel-V\u00e1zquez-Montalb\u00e1n.jpg 944w\" sizes=\"auto, (max-width: 181px) 100vw, 181px\" \/><\/a><\/p>\n"},"caption":{"rendered":""},"alt_text":"","media_type":"image","mime_type":"image\/jpeg","media_details":{"width":944,"height":1561,"file":"2017\/07\/Matar-en-los-Festivales-Manuel-V\u00e1zquez-Montalb\u00e1n.jpg","sizes":{"thumbnail":{"file":"Matar-en-los-Festivales-Manuel-V\u00e1zquez-Montalb\u00e1n-150x150.jpg","width":150,"height":150,"mime_type":"image\/jpeg","source_url":"https:\/\/www.granadablogs.com\/pateandoelmundo\/wp-content\/uploads\/2017\/07\/Matar-en-los-Festivales-Manuel-V\u00e1zquez-Montalb\u00e1n-150x150.jpg"},"medium":{"file":"Matar-en-los-Festivales-Manuel-V\u00e1zquez-Montalb\u00e1n-181x300.jpg","width":181,"height":300,"mime_type":"image\/jpeg","source_url":"https:\/\/www.granadablogs.com\/pateandoelmundo\/wp-content\/uploads\/2017\/07\/Matar-en-los-Festivales-Manuel-V\u00e1zquez-Montalb\u00e1n-181x300.jpg"},"medium_large":{"file":"Matar-en-los-Festivales-Manuel-V\u00e1zquez-Montalb\u00e1n-768x1270.jpg","width":768,"height":1270,"mime_type":"image\/jpeg","source_url":"https:\/\/www.granadablogs.com\/pateandoelmundo\/wp-content\/uploads\/2017\/07\/Matar-en-los-Festivales-Manuel-V\u00e1zquez-Montalb\u00e1n-768x1270.jpg"},"large":{"file":"Matar-en-los-Festivales-Manuel-V\u00e1zquez-Montalb\u00e1n-644x1065.jpg","width":644,"height":1065,"mime_type":"image\/jpeg","source_url":"https:\/\/www.granadablogs.com\/pateandoelmundo\/wp-content\/uploads\/2017\/07\/Matar-en-los-Festivales-Manuel-V\u00e1zquez-Montalb\u00e1n-644x1065.jpg"},"post-thumbnail":{"file":"Matar-en-los-Festivales-Manuel-V\u00e1zquez-Montalb\u00e1n-644x1065.jpg","width":644,"height":1065,"mime_type":"image\/jpeg","source_url":"https:\/\/www.granadablogs.com\/pateandoelmundo\/wp-content\/uploads\/2017\/07\/Matar-en-los-Festivales-Manuel-V\u00e1zquez-Montalb\u00e1n-644x1065.jpg"},"first-page-thumbnail":{"file":"Matar-en-los-Festivales-Manuel-V\u00e1zquez-Montalb\u00e1n-944x480.jpg","width":944,"height":480,"mime_type":"image\/jpeg","source_url":"https:\/\/www.granadablogs.com\/pateandoelmundo\/wp-content\/uploads\/2017\/07\/Matar-en-los-Festivales-Manuel-V\u00e1zquez-Montalb\u00e1n-944x480.jpg"},"full":{"file":"Matar-en-los-Festivales-Manuel-V\u00e1zquez-Montalb\u00e1n.jpg","width":944,"height":1561,"mime_type":"image\/jpeg","source_url":"https:\/\/www.granadablogs.com\/pateandoelmundo\/wp-content\/uploads\/2017\/07\/Matar-en-los-Festivales-Manuel-V\u00e1zquez-Montalb\u00e1n.jpg"}},"image_meta":{"aperture":"0","credit":"","camera":"","caption":"","created_timestamp":"0","copyright":"","focal_length":"0","iso":"0","shutter_speed":"0","title":"","orientation":"0","keywords":[]}},"post":22778,"source_url":"https:\/\/www.granadablogs.com\/pateandoelmundo\/wp-content\/uploads\/2017\/07\/Matar-en-los-Festivales-Manuel-V\u00e1zquez-Montalb\u00e1n.jpg","_links":{"self":[{"href":"https:\/\/www.granadablogs.com\/pateandoelmundo\/wp-json\/wp\/v2\/media\/22783","targetHints":{"allow":["GET"]}}],"collection":[{"href":"https:\/\/www.granadablogs.com\/pateandoelmundo\/wp-json\/wp\/v2\/media"}],"about":[{"href":"https:\/\/www.granadablogs.com\/pateandoelmundo\/wp-json\/wp\/v2\/types\/attachment"}],"author":[{"embeddable":true,"href":"https:\/\/www.granadablogs.com\/pateandoelmundo\/wp-json\/wp\/v2\/users\/1"}],"replies":[{"embeddable":true,"href":"https:\/\/www.granadablogs.com\/pateandoelmundo\/wp-json\/wp\/v2\/comments?post=22783"}],"wp:attached-to":[{"embeddable":true,"post_type":"post","id":22778,"href":"https:\/\/www.granadablogs.com\/pateandoelmundo\/wp-json\/wp\/v2\/posts\/22778"}],"curies":[{"name":"wp","href":"https:\/\/api.w.org\/{rel}","templated":true}]}}

http://www.granadablogs.com/pateandoelmundo/wp-content/uploads/2017/07/Matar-en-los-Festivales-Manuel-Vázquez-Montalbán.jpg

Matar en los Festivales Manuel Vázquez Montalbán

<p class="attachment"><a href='https://www.granadablogs.com/pateandoelmundo/wp-content/uploads/2017/07/Matar-en-los-Festivales-Manuel-Vázquez-Montalbán.jpg'><img loading="lazy" decoding="async" width="181" height="300" src="https://www.granadablogs.com/pateandoelmundo/wp-content/uploads/2017/07/Matar-en-los-Festivales-Manuel-Vázquez-Montalbán-181x300.jpg" class="attachment-medium size-medium" alt="" srcset="https://www.granadablogs.com/pateandoelmundo/wp-content/uploads/2017/07/Matar-en-los-Festivales-Manuel-Vázquez-Montalbán-181x300.jpg 181w, https://www.granadablogs.com/pateandoelmundo/wp-content/uploads/2017/07/Matar-en-los-Festivales-Manuel-Vázquez-Montalbán-768x1270.jpg 768w, https://www.granadablogs.com/pateandoelmundo/wp-content/uploads/2017/07/Matar-en-los-Festivales-Manuel-Vázquez-Montalbán-644x1065.jpg 644w, https://www.granadablogs.com/pateandoelmundo/wp-content/uploads/2017/07/Matar-en-los-Festivales-Manuel-Vázquez-Montalbán.jpg 944w" sizes="auto, (max-width: 181px) 100vw, 181px" /></a></p>

2017/07/Matar-en-los-Festivales-Manuel-Vázquez-Montalbán.jpg

Matar-en-los-Festivales-Manuel-Vázquez-Montalbán-150x150.jpg

https://www.granadablogs.com/pateandoelmundo/wp-content/uploads/2017/07/Matar-en-los-Festivales-Manuel-Vázquez-Montalbán-150x150.jpg

Matar-en-los-Festivales-Manuel-Vázquez-Montalbán-181x300.jpg

https://www.granadablogs.com/pateandoelmundo/wp-content/uploads/2017/07/Matar-en-los-Festivales-Manuel-Vázquez-Montalbán-181x300.jpg

Matar-en-los-Festivales-Manuel-Vázquez-Montalbán-768x1270.jpg

https://www.granadablogs.com/pateandoelmundo/wp-content/uploads/2017/07/Matar-en-los-Festivales-Manuel-Vázquez-Montalbán-768x1270.jpg

Matar-en-los-Festivales-Manuel-Vázquez-Montalbán-644x1065.jpg

https://www.granadablogs.com/pateandoelmundo/wp-content/uploads/2017/07/Matar-en-los-Festivales-Manuel-Vázquez-Montalbán-644x1065.jpg

Matar-en-los-Festivales-Manuel-Vázquez-Montalbán-944x480.jpg

https://www.granadablogs.com/pateandoelmundo/wp-content/uploads/2017/07/Matar-en-los-Festivales-Manuel-Vázquez-Montalbán-944x480.jpg

Matar-en-los-Festivales-Manuel-Vázquez-Montalbán.jpg

https://www.granadablogs.com/pateandoelmundo/wp-content/uploads/2017/07/Matar-en-los-Festivales-Manuel-Vázquez-Montalbán.jpg
