{"id":21166,"date":"2016-12-27T14:52:55","date_gmt":"2016-12-27T13:52:55","guid":{"rendered":"http:\/\/www.granadablogs.com\/pateandoelmundo\/wp-content\/uploads\/2016\/12\/A-pleno-sol.jpg"},"modified":"2016-12-27T14:53:13","modified_gmt":"2016-12-27T13:53:13","slug":"a-pleno-sol-2","status":"inherit","type":"attachment","link":"https:\/\/www.granadablogs.com\/pateandoelmundo\/francia-inspiradora-primer-ciclo-de-aulacine-cajagranada-para-2017\/a-pleno-sol-2\/","title":{"rendered":"A pleno sol"},"author":1,"featured_media":0,"comment_status":"open","ping_status":"closed","template":"","meta":{"jetpack_post_was_ever_published":false},"class_list":["post-21166","attachment","type-attachment","status-inherit","hentry"],"jetpack_sharing_enabled":true,"description":{"rendered":"<p class=\"attachment\"><a href='https:\/\/www.granadablogs.com\/pateandoelmundo\/wp-content\/uploads\/2016\/12\/A-pleno-sol.jpg'><img loading=\"lazy\" decoding=\"async\" width=\"212\" height=\"300\" src=\"https:\/\/www.granadablogs.com\/pateandoelmundo\/wp-content\/uploads\/2016\/12\/A-pleno-sol-212x300.jpg\" class=\"attachment-medium size-medium\" alt=\"\" srcset=\"https:\/\/www.granadablogs.com\/pateandoelmundo\/wp-content\/uploads\/2016\/12\/A-pleno-sol-212x300.jpg 212w, https:\/\/www.granadablogs.com\/pateandoelmundo\/wp-content\/uploads\/2016\/12\/A-pleno-sol.jpg 300w\" sizes=\"auto, (max-width: 212px) 100vw, 212px\" \/><\/a><\/p>\n"},"caption":{"rendered":"<p>\u00a1M\u00e1xima atenci\u00f3n a este t\u00edtulo!<\/p>\n"},"alt_text":"","media_type":"image","mime_type":"image\/jpeg","media_details":{"width":300,"height":425,"file":"2016\/12\/A-pleno-sol.jpg","sizes":{"thumbnail":{"file":"A-pleno-sol-150x150.jpg","width":150,"height":150,"mime_type":"image\/jpeg","source_url":"https:\/\/www.granadablogs.com\/pateandoelmundo\/wp-content\/uploads\/2016\/12\/A-pleno-sol-150x150.jpg"},"medium":{"file":"A-pleno-sol-212x300.jpg","width":212,"height":300,"mime_type":"image\/jpeg","source_url":"https:\/\/www.granadablogs.com\/pateandoelmundo\/wp-content\/uploads\/2016\/12\/A-pleno-sol-212x300.jpg"},"full":{"file":"A-pleno-sol.jpg","width":300,"height":425,"mime_type":"image\/jpeg","source_url":"https:\/\/www.granadablogs.com\/pateandoelmundo\/wp-content\/uploads\/2016\/12\/A-pleno-sol.jpg"}},"image_meta":{"aperture":"0","credit":"","camera":"","caption":"","created_timestamp":"0","copyright":"","focal_length":"0","iso":"0","shutter_speed":"0","title":"","orientation":"0","keywords":[]}},"post":21163,"source_url":"https:\/\/www.granadablogs.com\/pateandoelmundo\/wp-content\/uploads\/2016\/12\/A-pleno-sol.jpg","_links":{"self":[{"href":"https:\/\/www.granadablogs.com\/pateandoelmundo\/wp-json\/wp\/v2\/media\/21166","targetHints":{"allow":["GET"]}}],"collection":[{"href":"https:\/\/www.granadablogs.com\/pateandoelmundo\/wp-json\/wp\/v2\/media"}],"about":[{"href":"https:\/\/www.granadablogs.com\/pateandoelmundo\/wp-json\/wp\/v2\/types\/attachment"}],"author":[{"embeddable":true,"href":"https:\/\/www.granadablogs.com\/pateandoelmundo\/wp-json\/wp\/v2\/users\/1"}],"replies":[{"embeddable":true,"href":"https:\/\/www.granadablogs.com\/pateandoelmundo\/wp-json\/wp\/v2\/comments?post=21166"}],"wp:attached-to":[{"embeddable":true,"post_type":"post","id":21163,"href":"https:\/\/www.granadablogs.com\/pateandoelmundo\/wp-json\/wp\/v2\/posts\/21163"}],"curies":[{"name":"wp","href":"https:\/\/api.w.org\/{rel}","templated":true}]}}

<p>¡Máxima atención a este título!</p>
